 List the prime factors of (-54)/x + (-3)/l.
19
Suppose -27378 - 25252 = -19*w. What are the prime factors of w?
2, 5, 277
Let d(g) = g**2 - 25*g + 25. Let b be d(17). What are the prime factors of 26/39*b/(-2)?
37
Let j = 7 - 4. Suppose -j*g + 2*g = 0. Suppose g = 2*i - 21 + 1. What are the prime factors of i?
2, 5
Let j(r) = -r**3 - 5*r**2 - 3*r. Let g be j(-2). Let n be g/(-18)*(-1 - -46). Suppose -66 + n = -3*z. List the prime factors of z.
17
Let m = 8 + -6. Let y be (16/(-12) + m)*3. Let k = y - -3. List the prime factors of k.
5
Let j(x) = -x**2 - 9*x - 5. Let c(d) = -2*d**2 - 2*d. Let i be c(-1). Suppose 6*q - 5*q + 6 = i. What are the prime factors of j(q)?
13
Let f be 4 - (34/(-10) + 10/25). Suppose 0 = f*v - 610 - 755. List the prime factors of v.
3, 5, 13
Let z(n) = 3*n**2 - 6*n - 38. Let w be z(-9). Let q = 436 - w. List the prime factors of q.
3, 59
Let r be 2*(1/(-2) - -1)*-1. List the prime factors of r - (0 + (-4)/(-8)*-482).
2, 3, 5
Let t = -33 - -13. List the prime factors of (-830)/(t/4) - -3.
13
Suppose 0 = 3*y + 20 - 2. Let s be 0 - (y/(-1))/(-1). What are the prime factors of 32 + s/4*2?
5, 7
Let q = -223 - -347. Suppose 0 = p + 2*f - 22, 0*p - 4*f - q = -4*p. List the prime factors of p.
2, 7
Suppose -2*v - 36 = -104. Let d = 63 - v. Suppose a - 3 - d = 0. List the prime factors of a.
2
Suppose -t - 2*k + 18 = 6, 0 = 4*t + 4*k - 28. Suppose -3*g = -t*p + 288, 3*p - 457 = -2*g + 1. What are the prime factors of p?
2, 3, 5
Let t(y) = -47*y - 77. What are the prime factors of t(-11)?
2, 5, 11
Suppose -d = -5*d + 5*s + 142, -d + 4*s = -41. Let t = 78 - d. Suppose -y = 4*y - t. List the prime factors of y.
3
Let i = -22 + 25. Suppose 300 = 3*j + x + 2*x, -i*j + 2*x + 305 = 0. What are the prime factors of j?
101
Let w(j) = 6*j**2 + 4*j + 23. List the prime factors of w(-9).
11, 43
Let k(b) = 14*b - 7. Suppose 6*a - 11 = 13. What are the prime factors of k(a)?
7
Suppose 2*o + 2 = 18. What are the prime factors of 1*o/3*(-9)/(-12)?
2
Suppose c = -c - 2. Let p(r) = 10*r**3 + r + 1. Let d be p(c). List the prime factors of d/4*88/(-10).
2, 11
Let m be 10 - (2/(-1) + 5). Suppose -1971 = -m*i + 535. List the prime factors of i.
2, 179
Let p(s) = 354*s - 122. What are the prime factors of p(7)?
2, 19, 31
Let j be 16 + (80/(-45) - 4/18). List the prime factors of (1/(-2))/(j/(-532)).
19
Let z(p) = -5*p + 7. Let i be (-2)/3 - (-22)/6. Suppose -2*t - 42 + 7 = 5*u, i*t - u + 10 = 0. What are the prime factors of z(t)?
2
Let z = 6 + -4. Suppose 5*r + 5*d - 29 = z*d, 2*r + 4 = 4*d. Suppose 0 = -2*m - r*k + 44, 2*m + k - 53 = -0*m. List the prime factors of m.
2, 7
Let j be 30/(-25) - 20/25. Let v(n) = 1 - 3*n**3 - 2*n**2 + n**3 + 1. List the prime factors of v(j).
2, 5
Suppose -4*n + 3228 = -5*a, 2*n - a - 1612 = a. List the prime factors of n.
2, 401
Let s = 1 + -3. What are the prime factors of (-14)/(-28)*(103 + (-1 - s))?
2, 13
Suppose 0 = -6*j + 321 + 1161. Let y = j - 116. List the prime factors of y.
131
Let y(f) be the first derivative of 41*f**2/2 - f + 6. Let i = 4 - 3. What are the prime factors of y(i)?
2, 5
Suppose -2*j - 5*t + 1043 = 0, 5*t - 11 = 4. What are the prime factors of j?
2, 257
Let a be (25/165 + 8/44)*3. List the prime factors of (-1)/(-7)*a - (-40300)/140.
2, 3
Suppose 7 = 2*n + 3*u, 5*u + 5 + 0 = 5*n. Let a be (-534)/(-27) - n/(-9). Suppose a = 2*q - 16. List the prime factors of q.
2, 3
Suppose 4*b + 114 = -c, -2*b - c - 2*c - 62 = 0. Let z = b + 47. List the prime factors of z.
19
Suppose 5*n - 2*b = 1834, 4*n - 2*b - 1378 = 88. Suppose 8*s + n = 12*s. List the prime factors of s.
2, 23
Suppose 2*p - 4*b = -7 - 7, -4*b + 18 = 2*p. List the prime factors of (p/1)/((-7)/(-98)).
2, 7
Let r(c) = -c**3 - 3*c**2 + 5*c + 5. Let t be r(-4). What are the prime factors of t/3 - (-496)/6?
83
Let w(c) = -c**3 - 12*c**2 - 5*c + 2. Suppose -150*h - 24 = -148*h. What are the prime factors of w(h)?
2, 31
Let i(a) = 2*a - 1. Let k be i(7). Suppose 0 = -3*l + 70 - k. List the prime factors of l.
19
Suppose -3*b + 2*l + 83 = 0, 141 = 2*b + 3*b - 4*l. Let u be -13 - (-2 - 3/(-1)). Let q = b + u. List the prime factors of q.
11
Let k be (-1*1)/(6/582). Let o = k - -149. Let l = -6 + o. What are the prime factors of l?
2, 23
What are the prime factors of (-100 + 122)/(1/44)?
2, 11
Let i(b) = -b**3 + 6*b**2 + 8*b - 2. Let k be (-1)/3 - 22/(-3). Let h be i(k). Suppose 2*t - 2 = -2*r + t, 0 = 3*r + h*t + 11. List the prime factors of r.
3
Suppose c - 235 = u + 96, c - 983 = 3*u. Let z = -149 - u. Suppose 7*x = 10*x - z. What are the prime factors of x?
59
What are the prime factors of 18*(245/14 + 5)?
3, 5
Let m(z) = 37*z + 71. List the prime factors of m(14).
19, 31
What are the prime factors of 49 - 52 - (0 + (-3566)/2)?
2, 5, 89
Let i be (-10)/5 + 2 - 125. Let c = 225 + i. What are the prime factors of c?
2, 5
Let r = 7 + 75. Suppose d = 5*z + 305, 57 + r = -2*z - 3*d. Let u = 89 + z. What are the prime factors of u?
3
Suppose i - 12 = -2*s, 2*s + 3*i + 44 = 6*s. What are the prime factors of -2*1*((-252)/s + -1)?
5, 13
Let x = -59 + 286. Let n = 499 - x. Suppose -n = -5*z - h - 91, 4*z + 4*h = 132. List the prime factors of z.
37
Suppose -2*r + 4*r + z = 22, 4*z = r - 2. Let p(v) = 2*v**3 - 5 - r*v**2 + 2 - v**3 + 9*v + 10. What are the prime factors of p(9)?
7
Let z = 5224 - 3010. List the prime factors of z.
2, 3, 41
Let g(w) = -w**3 + 18*w**2 - 18*w + 19. Suppose -3*n + 28 = -23. List the prime factors of g(n).
2
Let k(n) = -10*n**2 + 3*n + 2. Let z(m) = m**2 - 9*m + 12. Let w be z(7). Let x be k(w). List the prime factors of ((-6)/(-8))/((-11)/x).
3
Suppose 5*d + 15 = 8*d. Suppose 1804 = d*o + 6*o. What are the prime factors of o?
2, 41
Let s be 10*(3 + -2 + 0). Suppose -h + s = -9. Suppose -3*p + 3*u + 139 = h, -u - 81 = -2*p. What are the prime factors of p?
41
Let l = 241 - -851. List the prime factors of l.
2, 3, 7, 13
Let l be (-2)/(-3)*(0 + -2 - -17). Suppose -4*a - 4*u + 880 = 0, -l*a + 5*u = -7*a - 620. What are the prime factors of a?
5, 43
Let r be 230/70 + (-2)/7. Suppose d = 4*o - 820, -5*d - 1022 = -5*o - r*d. What are the prime factors of o?
2, 103
Let a = -28 - -33. Suppose -3*i = -a*r + 12, 0 = 5*r - 3*i + 2*i - 4. Suppose 5*g - 5 = 0, -3*s - 5*g + 79 + 61 = r. List the prime factors of s.
3, 5
Let u(l) = l**3 + 12*l**2 - 2*l - 17. Let q be 48/32*(-8)/1. What are the prime factors of u(q)?
7
Suppose 3*q - q + 4*u - 924 = 0, -2*u + 1854 = 4*q. List the prime factors of q.
2, 29
Suppose 12 = 4*x + 4*w, -2*x + 0*w = 4*w - 10. Let s(j) be the third derivative of 4*j**4/3 + j**3/3 - 32*j**2 - 2*j. What are the prime factors of s(x)?
2, 17
Let r be 10/25*(3 - -2). Suppose 4*a + 3*k - 57 = 0, -3*k + r*k = 5*a - 74. What are the prime factors of a?
3, 5
Suppose -14*g + 1030 = -12*g - 4*j, 4*g + j - 2033 = 0. List the prime factors of g.
509
Let a be 4/14 - (-76)/28. What are the prime factors of (115 + a - 2)*14/7?
2, 29
Suppose 14*h + 25415 = 31*h. What are the prime factors of h?
5, 13, 23
Suppose 3183 = 3*r - 3*b, 6*b = -r + 2*b + 1041. What are the prime factors of r?
7, 151
Let s(c) = 7*c**2 - 108*c - 40. List the prime factors of s(-14).
2, 3, 79
Suppose 32*m = 12*m + 10140. What are the prime factors of m?
3, 13
Let a(c) = -c**2 - 15*c - 4. Let f be a(-11). Let t = f - 21. List the prime factors of t.
19
Let r(d) = d**3 + 13*d**2 + 10*d - 20. Let c be r(-10). Let y = -118 + c. List the prime factors of y.
2, 31
List the prime factors of (((-52)/(-6))/(-1))/((-11)/1023).
2, 13, 31
Suppose 0 = -5*s - 3*u - 66, -2*s - u + 2*u - 22 = 0. Suppose 5*i + 30 = 4*h - 131, -3*h = 4*i - 82. Let w = s + h. List the prime factors of w.
2, 11
Let a(m) = 3*m - 3. Let t be a(9). Let b be (8/(-6))/((-16)/t). Suppose -4*i = -5*i - 5*d + 21, 0 = b*i - 3*d - 3. List the prime factors of i.
2, 3
Let l(q) = 262*q**2 - 3*q + 2. Let k be l(1). Suppose 3*t = 54 + k. List the prime factors of t.
3, 5, 7
Suppose -5*m + 4*m = -1560. Let f be (m/50)/((-1)/(-5)). Suppose 3*b = -0*b + f. What are the prime factors of b?
2, 13
Suppose -32 = -5*p - 2*c, 3*p - 4*c - 17 = -3*c. Suppose 2*q - u = 10, 3*u - p = 6. What are the prime factors of q?
7
Let h = -1655 - -2327. List the prime factors of h.
2, 3, 7
Let t be ((3 - 2) + 1)*311/2. Supp